2
Calculate the remainder when 282 is divided by 139.
4
Calculate the remainder when 344 is divided by 104.
32
Calculate the remainder when 140 is divided by 29.
24
Calculate the remainder when 417 is divided by 70.
67
What is the remainder when 871 is divided by 84?
31
What is the remainder when 1514 is divided by 37?
34
What is the remainder when 1049 is divided by 79?
22
Calculate the remainder when 3098 is divided by 7.
4
What is the remainder when 394 is divided by 31?
22
Calculate the remainder when 60 is divided by 24.
12
What is the remainder when 1055 is divided by 13?
2
What is the remainder when 49403 is divided by 41?
39
Calculate the remainder when 198 is divided by 10.
8
Calculate the remainder when 169 is divided by 4.
1
What is the remainder when 2630 is divided by 14?
12
What is the remainder when 11113 is divided by 28?
25
What is the remainder when 90 is divided by 15?
0
What is the remainder when 80 is divided by 21?
17
What is the remainder when 48 is divided by 26?
22
Calculate the remainder when 3477 is divided by 129.
123
Calculate the remainder when 324 is divided by 68.
52
What is the remainder when 2687 is divided by 889?
20
What is the remainder when 4827 is divided by 16?
11
What is the remainder when 456 is divided by 146?
18
What is the remainder when 196 is divided by 37?
11
What is the remainder when 5224 is divided by 67?
65
What is the remainder when 37025 is divided by 187?
186
Calculate the remainder when 388 is divided by 196.
192
What is the remainder when 259 is divided by 83?
10
Calculate the remainder when 217 is divided by 45.
37
What is the remainder when 26 is divided by 20?
6
Calculate the remainder when 50 is divided by 6.
2
Calculate the remainder when 283 is divided by 82.
37
What is the remainder when 4743 is divided by 948?
3
Calculate the remainder when 307 is divided by 77.
76
Calculate the remainder when 1780 is divided by 94.
88
Calculate the remainder when 122 is divided by 24.
2
Calculate the remainder when 242 is divided by 35.
32
Calculate the remainder when 891 is divided by 47.
45
Calculate the remainder when 1665 is divided by 17.
16
What is the remainder when 2453 is divided by 10?
3
What is the remainder when 1706 is divided by 425?
6
What is the remainder when 20 is divided by 2?
0
Calculate the remainder when 11708 is divided by 12.
8
Calculate the remainder when 297 is divided by 20.
17
What is the remainder when 93 is divided by 33?
27
Calculate the remainder when 659 is divided by 169.
152
Calculate the remainder when 207 is divided by 49.
11
Calculate the remainder when 1092 is divided by 19.
9
Calculate the remainder when 557 is divided by 28.
25
What is the remainder when 182 is divided by 8?
6
Calculate the remainder when 331 is divided by 102.
25
What is the remainder when 238 is divided by 22?
18
Calculate the remainder when 246 is divided by 123.
0
Calculate the remainder when 1436 is divided by 11.
6
What is the remainder when 1274 is divided by 192?
122
What is the remainder when 53 is divided by 1?
0
What is the remainder when 317 is divided by 65?
57
What is the remainder when 128 is divided by 27?
20
Calculate the remainder when 797 is divided by 102.
83
What is the remainder when 15 is divided by 3?
0
What is the remainder when 352 is divided by 171?
10
Calculate the remainder when 12 is divided by 3.
0
Calculate the remainder when 2188 is divided by 22.
10
What is the remainder when 9593 is divided by 117?
116
Calculate the remainder when 263 is divided by 44.
43
What is the remainder when 242 is divided by 5?
2
Calculate the remainder when 7546 is divided by 74.
72
What is the remainder when 148 is divided by 31?
24
Calculate the remainder when 3165 is divided by 18.
15
What is the remainder when 99 is divided by 50?
49
What is the remainder when 28297 is divided by 9431?
4
What is the remainder when 1924 is divided by 47?
44
Calculate the remainder when 982 is divided by 34.
30
What is the remainder when 390 is divided by 28?
26
Calculate the remainder when 215 is divided by 55.
50
What is the remainder when 1038 is divided by 95?
88
What is the remainder when 2011 is divided by 670?
1
What is the remainder when 43 is divided by 15?
13
Calculate the remainder when 1291 is divided by 1273.
18
Calculate the remainder when 65 is divided by 22.
21
Calculate the remainder when 1126 is divided by 159.
13
What is the remainder when 155 is divided by 57?
41
What is the remainder when 97 is divided by 20?
17
Calculate the remainder when 116 is divided by 23.
1
Calculate the remainder when 26062 is divided by 18.
16
What is the remainder when 3344 is divided by 54?
50
Calculate the remainder when 90 is divided by 48.
42
Calculate the remainder when 201 is divided by 35.
26
Calculate the remainder when 1801 is divided by 82.
79
What is the remainder when 862 is divided by 72?
70
What is the remainder when 539 is divided by 176?
11
What is the remainder when 1234 is divided by 103?
101
What is the remainder when 261 is divided by 32?
5
What is the remainder when 80 is divided by 9?
8
Calculate the remainder when 59 is divided by 10.
9
Calculate the remainder when 672 is divided by 293.
86
What is the remainder when 250 is divided by 37?
28
Calculate the remainder when 1699 is divided by 25.
24
What is the remainder when 19 is divided by 15?
4
What is the remainder when 744 is divided by 17?
13
What is the remainder when 572 is divided by 82?
80
Calculate the remainder when 119 is divided by 48.
23
Calculate the remainder when 839 is divided by 56.
55
What is the remainder when 136 is divided by 43?
7
Calculate the remainder when 7313 is divided by 95.
93
What is the remainder when 2578 is divided by 5?
3
What is the remainder when 3198 is divided by 16?
14
Calculate the remainder when 9 is divided by 4.
1
What is the remainder when 172 is divided by 58?
56
What is the remainder when 60 is divided by 15?
0
What is the remainder when 739 is divided by 145?
14
Calculate the remainder when 823 is divided by 1.
0
Calculate the remainder when 393 is divided by 375.
18
Calculate the remainder when 75 is divided by 26.
23
What is the remainder when 274 is divided by 46?
44
What is the remainder when 385 is divided by 43?
41
Calculate the remainder when 423 is divided by 43.
36
What is the remainder when 359 is divided by 52?
47
Calculate the remainder when 176 is divided by 18.
14
Calculate the remainder when 555 is divided by 271.
13
Calculate the remainder when 38 is divided by 10.
8
Calculate the remainder when 155 is divided by 51.
2
What is the remainder when 214 is divided by 79?
56
What is the remainder when 17764 is divided by 141?
139
What is the remainder when 47 is divided by 4?
3
Calculate the remainder when 91 is divided by 43.
5
Calculate the remainder when 616 is divided by 40.
16
What is the remainder when 323 is divided by 66?
59
What is the remainder when 410 is divided by 135?
5
What is the remainder when 87 is divided by 8?
7
What is the remainder when 132 is divided by 35?
27
Calculate the remainder when 1595 is divided by 100.
95
Calculate the remainder when 3511 is divided by 15.
1
Calculate the remainder when 405 is divided by 36.
9
What is the remainder when 83 is divided by 11?
6
Calculate the remainder when 2435 is divided by 14.
13
What is the remainder when 493 is divided by 99?
97
Calculate the remainder when 350 is divided by 44.
42
What is the remainder when 918 is divided by 37?
30
What is the remainder when 15928 is divided by 28?
24
Calculate the remainder when 240 is divided by 81.
78
What is the remainder when 141 is divided by 80?
61
Calculate the remainder when 560 is divided by 42.
14
What is the remainder when 187 is divided by 71?
45
What is the remainder when 208 is divided by 59?
31
Calculate the remainder when 28 is divided by 6.
4
What is the remainder when 795 is divided by 250?
45
What is the remainder when 96 is divided by 57?
39
Calculate the remainder when 3300 is divided by 7.
3
Calculate the remainder when 260 is divided by 80.
20
What is the remainder when 522 is divided by 116?
58
Calculate the remainder when 402 is divided by 27.
24
Calculate the remainder when 175 is divided by 46.
37
Calculate the remainder when 3804 